+ (-8 - -4).
-3
Evaluate 42 - 46 - (1 + 3).
-8
Calculate 14 - 9 - (0 - -9).
-4
What is 5 - (3 + (10 - 5))?
-3
1 + 1 + -5 + -1
-4
Evaluate -10 + 7 - (-1 - 5).
3
What is the value of -4 - ((4 - 2 - 3) + -8)?
5
1 + -7 + (-3 - -4)
-5
1 - (2 + -1 + -3)
3
What is the value of (-8 + 14 - 7) + 2?
1
What is (0 - 4) + 0 - (217 - 221)?
0
Calculate (-4 + -14 - -6) + 3.
-9
Calculate 2 - 2 - (-8 - (4 - 8)).
4
Calculate -44 + 43 - ((2 - 3) + 3).
-3
-1 - (-9 - (3 - 0 - 6))
5
What is -1 - (-1 - 1) - 0?
1
What is the value of 6 - ((1 - -5) + -4)?
4
What is the value of 8 - -1 - (-45 - -59)?
-5
-6 + -3 + 0 + 6
-3
What is the value of -22 + 5 + (11 - -1)?
-5
Calculate -2 + (4 - 12 - -5).
-5
Evaluate 3 - (-2 - (1 + -8 + 7)).
5
Calculate 3 + -2 + 4 + -5 + -8.
-8
Calculate (1 - 5) + 0 + 7.
3
Evaluate -3 - (-1 + -3 + -1).
2
What is 16 + -3 + 3 + -5 + -4?
7
What is the value of (0 - (-6 + 2)) + -4?
0
What is the value of 8 + -5 - (-2 + 3 + -1)?
3
Evaluate -2 + -1 + -2 - (3 + -1).
-7
Evaluate 1 + (13 + -18 - (1 + -4)).
-1
Evaluate 4 - (-5 + (14 - (0 - -4))).
-1
Calculate 3 - (3 + 2 + 0 + -3).
1
Evaluate 8 + (0 - 11) + 3.
0
Calculate (0 - (1 + -10)) + -1 + -3.
5
What is -10 + 4 + 4 - 2?
-4
Calculate -28 + 28 - (4 - 10).
6
Evaluate 6 + -2 - (0 - 2).
6
What is 1 + 5 - 0 - (-2 - -15)?
-7
What is 4 + (4 - (-10 + 12))?
6
Evaluate (3 + (2 - 1) - 5) + -3.
-4
Evaluate 8 + (-2 + 2 - 6) + -5.
-3
-10 + 2 + (5 - 2) + 0
-5
-1 - 0 - (2 + -1 + -3)
1
-36 + 51 + (-10 - -2)
7
(3 - 13) + (-2 - -1 - -6)
-5
What is 0 + 17 + -5 - 10?
2
Evaluate 3 - (-2 - (-7 - -3)).
1
What is the value of 1 + 3 + (0 - 3)?
1
Evaluate 5 + (0 - (-3 - -4)).
4
What is -6 + (7 - 2) + 6 + -9?
-4
What is the value of (3 - (3 + -4)) + -5?
-1
Calculate 2 + 8 + -16 - -10.
4
Calculate (-1 - -5) + -13 + 10.
1
What is the value of 6 + -1 + 2 - (352 + -353)?
8
Calculate (5 - 3) + 0 - -3.
5
Calculate (-4 - (-2 + -2)) + 4.
4
Calculate 1 - (4 + -8) - 5.
0
Evaluate (3 - -7) + -8 - 3.
-1
Evaluate 7 + (2 + -5 - -1).
5
Calculate 0 + 5 + 7 + -15.
-3
(-7 - -7 - (1 - -3)) + 4
0
13 + (-7 + -7 + 6 - -2)
7
What is 5 - (-3 + 18 - 8)?
-2
What is (-2 - 0) + (0 + 2 - 6)?
-6
-6 + (-3 - (1 + -3)) + 1
-6
-3 + (6 + -4 - 2)
-3
Calculate -2 + (0 - (-5 + 2)) + -1.
0
What is (22 - 9) + (15 - 32)?
-4
What is the value of (4 - 1) + -1 + (-5 - -6)?
3
What is (-1 - -5) + 3 + 2 + -6?
3
Calculate 4 + (2 - (0 + 3)).
3
What is the value of -4 + (-2 - (3 - 5)) + -1?
-5
(11 - 6) + 3 + -6 + 4
6
Calculate (6 - 1) + (20 + -6 - 21).
-2
-3 + 5 + -4 - (1 + 0)
-3
(0 + 0 - -2) + 9 + -16
-5
Evaluate (3 - (-2 + 2)) + -28 + 21.
-4
What is the value of (3 - 2) + (124 - 125)?
0
What is -6 - (-7 + 0 + (9 - 2))?
-6
-4 - -1 - (-15 + 9)
3
What is -6 + 11 + -9 + 6?
2
Calculate 2 - (2 - (1 - 0) - 1).
2
Evaluate -1 + (-4 - -18) + -6.
7
What is -17 + 1 + -2 + -5 + 12?
-11
Evaluate (4 + -8 - -1) + 3.
0
Calculate -9 + -11 + 13 + 4.
-3
Calculate 7 - ((-8 - -19) + -5).
1
Evaluate -1 + 13 + -2 + -4 + -11.
-5
What is the value of 4 - ((3 - -4) + 1)?
-4
What is -2 - 0 - (-2 - 1)?
1
What is 4 + -7 + 3 - -5?
5
What is (-8 - -10) + (-2 - 7)?
-7
What is the value of 3 - 3 - (-5 + 1 - -7)?
-3
What is 5 + (-11 - (-4 - 3)) - 4?
-3
What is 0 - 0 - (4 + -3)?
-1
Calculate 0 - (-10 - (1 + 4 + -7)).
8
-20 + 20 - (0 - 2)
2
-3 + -2 + 3 + -21 + 24
1
What is 1 + -4 - -11 - (-2 - -5)?
5
What is the value of -3 + (-1 - (-4 + -3)) + -2?
1
What is the value of 0 + 2 + 0 + -1 + 1?
2
What is the value of -4 - (-2 + -1) - -5 - 0?
4
3 - (1 + (-3 - 3) - -4)
4
What is the value of -8 + (-8 - -6) + 5?
-5
What is -4 - -11 - (-7 - -8 - -5)?
1
What is 20 + 0 - (1 - -11)?
8
Evaluate -8 - (3 + 0 - 7).
-4
-7 + (8 - -3 - -1)
5
Evaluate -4 - (-8 + 6) - -4.
2
What is -7 + ((1 - -1) + 2 - 1)?
-4
Evaluate -205 + 195 - (-13 + 1).
2
0 - (1 + (-3 - 2) + 7)
-3
What is (22 - 4 - 9) + -16?
-7
What is the value of 1 - -3 - 0 - (-66 - -69)?
1
Calculate (3 - 8) + 3 - (-10 - -9).
-1
Calculate (-2 - (-1 - -4)) + 5.
0
-3 + (-2 + 6 - (0 - -3))
-2
What is the value of 20 - 2 - (2 - -8)?
8
Evaluate -10 + 13 + (-1 - 1) - 5.
-4
Evaluate 2 + -6 + (7 - 3).
0
Evaluate 3 - (-1 + 0 - (-1 - 2)).
1
What is the value of -7 + 4 + -3 - -4?
-2
What is -1 - (2 + (-2 - -4))?
-5
13 + (-6 - 1) + (-1 - 0)
5
What is 5 - (1 - (-2 - (-3 - -2)))?
3
What is 0 + (-10 - -8) + -2 + 3?
-1
What is the value of -106 + 105 + 3 + 2?
4
What is the value of (-2 - -2) + (4 - (1 + 7))?
-4
4 + (5 + -2 - (11 - 0))
-4
Evaluate 1 + -4 + (-5 - -9 - 0).
1
Evaluate 2 + (2 - 5) - (2 + -1).
-2
6 + -8 + 7 - (-1 - -1)
5
What is (-1 + -6 - -4) + 1?
-2
What is the value of -24 + 20 + (-1 - -2) - 0?
-3
(4 - -8) + -6 + (0 - 1)
5
Evaluate 1 - (-3 + (-1 - -1)).
4
What is the value of -6 - (-3 + 15) - -9?
-9
-7 + (5 - 9) + -2 + 3
-10
What is 5 + 3 - (9 + -3)?
2
Evaluate (0 - 4) + 0 + -5 + 5.
-4
Evaluate 0 + 0 + -2 - (-1 - 2).
1
0 + 3 - (-15 - -16) - 0
2
What is 10 - 1 - (6 - 2)?
5
What is -6 - -1 - (-1 + 5 + -7)?
-2
What is the value of (12 - 5) + -1 + -2?
4
Calculate -36 + 48 - (1 - -11).
0
What is the value of -4 + (22 - (3 + 5))?
10
What is -1 + (-2 - (-3 + -3)) - 1?
2
-10 - (-5 - 4 - -4)
-5
Evaluate -2 + (4 - -9 - 5) - 0.
6
Evaluate -2 + 1 - (3 - (10 + -7)).
-1
Evaluate 2 - (4 - (2 - 3)).
-3
What is -1 + -3 - (-5 - (-2 - 1))?
-2
(2 - -1) + (-13 - -14)
4
What is -3 - -2 - ((-3 - 2) + 1)?
3
Evaluate 5 - ((5 - 3) + 4).
-1
(-1 - 0) + -17 + 8 + 14
4
What is the value of -2 + 1 + 1 + (43 - 38)?
5
-58 + 59 + (1 - (1 - 1))
2
5 - (7 + -4) - (-1 - -3)
0
Calculate 10 - (10 + 12 + -9).
-3
What is the value of -3 + 0 + (-30 - -28)?
-5
What is the value of 11 + 0 + (2 - 9)?
4
Evaluate 4 - (-2 + 17 - 6).
-5
-1 - -2 - 4 - -4
1
What is -14 + (-4 - -12) + 10?
4
Evaluate -2 + -6 + 3 + 6 + -4.
-3
Evaluate (-1 - -9) + -27 + 24 - 6.
-1
Calculate -8 + (10 - -2 - 11).
-7
Calculate 5 - (5 - (-3 - -8)).
5
-4 - (-2 - 5) - 6
-3
Calculate 1 - (8 - (-5 + 9)) - 0.
-3
What is the value of -7 + 3 + (5 - 6)?
-5
What is 3 + -1 + (0 - (-1 - -1))?
2
What is the value of (-1 - -2 - (-2 + 3)) + -6?
-6
What is (6 - (-1 + 3)) + -1 - 3?
0
Calculate 3 + -4 + -3 - (-11 + 2).
5
(-2 - -3) + 48 + -43
6
Evaluate 6 + 5 + (-10 - -5).
6
Calculate 0 - 3 - -4 - (5 + -3).
-1
What is the value of -4 + 0 + (0 + -15 - -16)?
-3
What is (-17 - -7) + -4 - -11?
-3
4 + (-5 - (-4 + 4)) - -3
2
(-9 - (8 - 10)) + 0 + 6
-1
What is 3 + (-3 + 2 - (0 - -4))?
-2
What is -6 + (14 - (-3 + 3 + 6))?
2
(-2 - (2 + -5)) + 3 - -2
6
Calculate -10 + 0 - -4 - -2.
-4
What is 2 + -3 + (-2 - (1 + -3))?
-1
Evaluate -1 + (3 - -2) - (9 + -1).
-4
What is the value of -1 + 0 + -6 + 4?
-3
What is the value of -2 - ((-5 - -9) + -3 + -2)?
-1
-1 + 1 + 4 + 2 + -5
1
What is 1 - (8 + -1) - (66 + -70)?
-2
What is the value of (7 - 0 - 9) + 3?
1
7 - 13 - -11 - 7
-2
What is the value of -2 - -4 - (-5 - (-13 + 7))?
1
What is (7 - (6 - 3)) + 13 + -18?
-1
Calculate 7 - (4 + -2 - -2).
3
What is 4 + -11 + -2 + 5?
-4
Calculate (1 + -8 - (-1 - 1)) + 4.
-1
Calculate -7 + 4 + (4 - (0 - -2)).
-1
Calculate -2 + 0 - (1 + (-6 - -1)).
2
Calculate -1 + 2 - -2 - (2 + -1).
2
What is (-14 - -8) + 5 + 0?
-1
Calculate 11 + -6 - (-1 - -2).
4
Evaluate (6 - (10 + 0)) + (-4 - 0).
-8
Calculate 4 + (-15 - (6 - 19)).
2
0 + (-5 - (-1 + -2 + 0))
-2
Calculate (6 - -1 - 1) + -9.
-3
What is 1 - (3 - (5 + -3))?
0
Calculate (-3 - (5 + -6 + -5)) + 3.
6
Calculate 2 - (5 + 1 + -3 + -3).
2
3 + 0 - (17 - 12) - -4
2
Calculate 8 + (0 - (13 - 8)).
3
What is the value of -6 - (-1 - (4 - -1))?
0
What is the value of -2 + 1 + -1 + (-5 - -6)?
-1
2 + -5 - (-1 - (-4 - -8))
2
What is the value of 207 + -213 - (-2 - -1)?
-5
What is the value of (0 - -1) + -3 - (-3 - -6)?
-5
11 + -8 + 1 - -1
5
Evaluate 15 + 0 + (3 - -14) + -21.
11
Calculate 7 - 9 - (-5 - 1).
4
What is the value of -2 + 9 - (22 + -11)?
-4
Evaluate -8 + 1 + -2 + 5 - 5.
-9
What is -8 + 12 + -1 - 5?
-2
What is 1 - (4 + 3 + -3 + -4)?
1
Calculate (-6 - -3 - -9) + -11.
-5
What is the value of 2 + (2 - 0) + -4 + -2?
-2
Evaluate -13 + 2 + -26 + 31.
-6
What is the value of -9 - (-7 + 7 - 7)?
-2
Evaluate 4 + -3 - (-1 + (6 - 9)).
5
Evaluate 2 - (-2 - -2 - 3).
5
Evaluate -4 + 1 + -1 + -9 + 9.
-4
What is the value of (1 - 7) + -3 + 13 + -7?
-3
Calculate 2 + -3 + 3 + (-5 - -8).
5
Calculate 3 + (-2 - 2) - (-14 + 9).
4
Calculate -4 + -1 - (-25 + 5 + 12).
3
Calculate (-5 - -7 - 